{"id":3378,"date":"2022-07-12T11:02:03","date_gmt":"2022-07-12T11:02:03","guid":{"rendered":"https:\/\/ciesm.org\/marine\/programs\/seabirds\/?page_id=3378"},"modified":"2023-12-07T16:22:17","modified_gmt":"2023-12-07T16:22:17","slug":"aetomylaeus-bovinus","status":"publish","type":"page","link":"https:\/\/ciesm.org\/marine\/programs\/skatesandrays\/aetomylaeus-bovinus\/","title":{"rendered":"Aetomylaeus bovinus"},"content":{"rendered":"\n<div style=\"height:31px\" aria-hidden=\"true\" class=\"wp-block-spacer\"><\/div>\n\n\n\n<div class=\"wp-container-1 wp-block-group alignfull has-tertiary-background-color has-background\"><div class=\"wp-block-group__inner-container\">\n<div class=\"wp-block-jetpack-layout-grid alignfull column1-desktop-grid__span-8 column1-desktop-grid__start-3 column1-desktop-grid__row-1 column1-tablet-grid__span-8 column1-tablet-grid__row-1 column1-mobile-grid__span-4 column1-mobile-grid__row-1\">\n<div class=\"wp-block-jetpack-layout-grid-column wp-block-jetpack-layout-grid__padding-none is-vertically-aligned-center\">\n<div class=\"wp-block-columns\">\n<div class=\"wp-block-column is-vertically-aligned-top\">\n<p class=\"has-text-align-center has-background-color has-primary-background-color has-text-color has-background has-huge-font-size\"><em>Aetomylaeus bovinus<\/em><\/p>\n\n\n\n<ul><li><strong>Common name :<\/strong> Bull ray, Duckbill eagle ray&nbsp;<\/li><li><strong>Order:<\/strong> Myliobatiformes<\/li><li><strong>Family:<\/strong> Aetobatidae<\/li><li><strong>Synonyms: <\/strong><em>Myliobatis bovina<\/em>, <em>Pteromylaeus bovina<\/em>, <em>Pteromylaeus bovinus<\/em><\/li><li><strong>Misidentifications:<\/strong> <em><a href=\"https:\/\/ciesm.org\/marine\/programs\/skatesandrays\/myliobatis-aquila\/\">Myliobatis aquila<\/a><\/em><\/li><\/ul>\n<\/div>\n\n\n\n<div class=\"wp-block-column is-vertically-aligned-center\"><div id=\"metaslider-id-3439\" style=\"width: 100%;\" class=\"ml-slider-3-27-6 metaslider metaslider-flex metaslider-3439 ml-slider\">\n    <div id=\"metaslider_container_3439\">\n        <div id=\"metaslider_3439\">\n            <ul aria-live=\"polite\" class=\"slides\">\n                <li style=\"display: block; width: 100%;\" class=\"slide-3471 ms-image\"><img src=\"https:\/\/ciesm.org\/marine\/programs\/skatesandrays\/wp-content\/uploads\/2022\/07\/abovinus1-Vranken-Martin-e1657622673519-444x317.png\" height=\"500\" width=\"700\" alt=\"\" class=\"slider-3439 slide-3471\" title=\"abovinus1-Vranken-Martin\" \/><div class=\"caption-wrap\"><div class=\"caption\">photo credit: Martin Vranken<\/div><\/div><\/li>\n                <li style=\"display: none; width: 100%;\" class=\"slide-3441 ms-image\"><img src=\"https:\/\/ciesm.org\/marine\/programs\/skatesandrays\/wp-content\/uploads\/2022\/07\/abovinus3-luismartinezartola-700x500.jpeg\" height=\"500\" width=\"700\" alt=\"\" class=\"slider-3439 slide-3441\" title=\"abovinus3-luismartinezartola\" \/><div class=\"caption-wrap\"><div class=\"caption\">photo credit: Matthew Smith<\/div><\/div><\/li>\n                <li style=\"display: none; width: 100%;\" class=\"slide-3442 ms-image\"><img src=\"https:\/\/ciesm.org\/marine\/programs\/skatesandrays\/wp-content\/uploads\/2022\/07\/abovinus2-Matthew-Smith-e1657622716469-700x500.png\" height=\"500\" width=\"700\" alt=\"\" class=\"slider-3439 slide-3442\" title=\"abovinus2-Matthew-Smith\" \/><div class=\"caption-wrap\"><div class=\"caption\">photo credit: Luis Martinez Artola<\/div><\/div><\/li>\n            <\/ul>\n        <\/div>\n        \n    <\/div>\n<\/div>\n<\/div>\n<\/div>\n<\/div>\n<\/div>\n<\/div><\/div>\n\n\n\n<div style=\"height:41px\" aria-hidden=\"true\" class=\"wp-block-spacer\"><\/div>\n\n\n\n<div class=\"wp-block-jetpack-layout-grid alignfull column1-desktop-grid__span-4 column1-desktop-grid__start-3 column1-desktop-grid__row-1 column2-desktop-grid__span-4 column2-desktop-grid__start-7 column2-desktop-grid__row-1 column1-tablet-grid__span-4 column1-tablet-grid__row-1 column2-tablet-grid__span-4 column2-tablet-grid__start-5 column2-tablet-grid__row-1 column1-mobile-grid__span-4 column1-mobile-grid__row-1 column2-mobile-grid__span-4 column2-mobile-grid__row-2\">\n<div class=\"wp-block-jetpack-layout-grid-column wp-block-jetpack-layout-grid__padding-none\">\n<p class=\"has-text-align-center has-primary-background-color has-background has-large-font-size\"><strong>Short description<\/strong><\/p>\n\n\n\n<p>Large batoid. Head thick, distinct from disk, forming a rostrum like a broad projection. Front part of the head is similar to a duck\u2019s bill. Upper or lower jaw with 7 rows of flat teeth. Two large eyes positioned laterally. Pectoral rhombic disc with angular corners strongly curved. Dorsal fin before pelvic fin tips. No caudal and anal fin. Thin tail, like a whip.<br><br><strong>Color: <\/strong>Light brown dorsal surface in adults, with 7-8 stripes transverse blue-gray in juvenile specimens. White ventrally.<br><br><strong>Measurements:<\/strong> <\/p>\n\n\n\n<ul><li><strong>Disk width<\/strong> (DW): 60-100 cm (max 250 cm)<\/li><li><strong>Total length<\/strong> (TL): 76-90 cm (max 294 cm)<\/li><li><strong>Weight: <\/strong>12-30 kg (max 116 kg)<\/li><\/ul>\n\n\n\n<p><strong>Swimming pattern: <\/strong>Oscillatory locomotion.<\/p>\n\n\n\n<figure class=\"wp-block-video\"><video controls src=\"https:\/\/ciesm.org\/marine\/programs\/skatesandrays\/wp-content\/uploads\/2022\/10\/abovinus_MartinVranken-cut.mp4\"><\/video><figcaption>video credit: Martin Vranken<\/figcaption><\/figure>\n\n\n\n<div style=\"height:10px\" aria-hidden=\"true\" class=\"wp-block-spacer\"><\/div>\n\n\n\n<p class=\"has-text-align-center has-primary-background-color has-background has-large-font-size\"><strong>Biology \/ Ecology<\/strong><\/p>\n\n\n\n<p id=\"block-caf50a6c-6585-4a9d-972f-8036f1810e92\">Feeds on bottom-living crustaceans and mollusks (mussels, oysters and gastropods). Often cause damage to clam and oyster farms.<br><br><strong>Behavior: <\/strong>Sometimes found in small groups.<br><br><strong>Reproduction: <\/strong>Viviparous (aplacental viviparity with histotrophy). &nbsp;Size at maturity<strong> <\/strong>(DW): 90-100 cm female, 80-95 cm male. Gestation period: 6-8 months. Juveniles per litter: 3-7. Size at birth (DW): 22-45 cm.<br><br><strong>Habitat: <\/strong>Demersal and semi-pelagic in estuaries, lagoons and on the continental shelf, occurring in tropical and warm temperate coastal waters, occasionally offshore. Inhabits both benthic and pelagic environments at depth between 10 and 500 m, but also observed close to the surface of the water.&nbsp;<\/p>\n\n\n\n<div class=\"wp-block-jetpack-layout-grid column1-desktop-grid__span-11 column1-desktop-grid__row-1 column1-tablet-grid__span-8 column1-tablet-grid__row-1 column1-mobile-grid__span-4 column1-mobile-grid__row-1\">\n<div class=\"wp-block-jetpack-layout-grid-column wp-block-jetpack-layout-grid__padding-none\">\n<p class=\"has-text-align-center has-foreground-color has-tertiary-background-color has-text-color has-background\" style=\"font-size:18px\">This species often causes damage to clam and oyster farms.<\/p>\n<\/div>\n<\/div>\n<\/div>\n\n\n\n<div class=\"wp-block-jetpack-layout-grid-column wp-block-jetpack-layout-grid__padding-none\">\n<p class=\"has-text-align-center has-primary-background-color has-background has-large-font-size\"><strong>Distinguishing characteristics<\/strong><\/p>\n\n\n\n<ul id=\"block-6c99b8e0-7e98-4b42-9d0e-3d4c507e9ada\"><li>Snout like a duck\u2019s bill.<\/li><li>Pectoral disc with angular corners strongly curved.<\/li><li>Origin of the dorsal fin in front of the pelvic fin tip.<\/li><li>7-8 stripes transverse blue-gray in juvenile specimens.<\/li><\/ul>\n\n\n\n<p id=\"block-d88790ee-984f-45a8-8b21-5705c1a47802\"><strong>Myliobatiformes:<\/strong> No caudal and anal fin. Thin tail like a whip.<br><strong>Aetobatidae:<\/strong> Large batoid. Moderately long fleshy rostral lobe connecting to the head at eye level. Caudal sting behind the dorsal fin.<\/p>\n\n\n\n<div style=\"height:10px\" aria-hidden=\"true\" class=\"wp-block-spacer\"><\/div>\n\n\n\n<p class=\"has-text-align-center has-primary-background-color has-background has-large-font-size\"><strong>Distribution<\/strong><\/p>\n\n\n\n<p id=\"block-7c753903-038c-44d5-aff6-969ae6648293\"><strong>Worldwide<\/strong>: Atlantic from Portugal to South Africa. <\/p>\n\n\n\n<p id=\"block-9d84759b-671d-4c76-b4e6-4c202ee3961d\"><strong>Mediterranean<\/strong>: Presence in the southern Mediterranean (formerly Morocco and Algeria, currently also northern Tunisian areas), Aegean Sea, Greek waters, Dodecanese waters, Adriatic Sea, Iskenderun Bay (Turkey), Israel. Absent in the Black Sea, but one record in the Marmara Sea. Hypothesis of a seasonal migration of the species from Sicily.<\/p>\n\n\n\n<ul id=\"block-85510140-983f-4b71-8907-35c448e88d4e\"><li><strong>Occurence :<\/strong> Rare.<\/li><li><strong>Latest records:<\/strong> Cyprus (2018-2022), Montenegro (2019), Sicily (2018), Tunisia (2017), Spain (2016), Adriatic Sea (2013), Turkey (2012), Grece (2010), Algeria (2003), Syria (2003), Balearic Island (2002).<\/li><\/ul>\n\n\n\n<figure class=\"wp-block-image size-large\" id=\"block-9b73d5c7-dbcc-41af-86bf-6c305dce5c4a\"><img loading=\"lazy\" width=\"1024\" height=\"506\" src=\"https:\/\/ciesm.org\/marine\/programs\/skatesandrays\/wp-content\/uploads\/2022\/10\/Aetomylaeus_bovinus_5-1024x506.png\" alt=\"\" class=\"wp-image-6689\" srcset=\"https:\/\/ciesm.org\/marine\/programs\/skatesandrays\/wp-content\/uploads\/2022\/10\/Aetomylaeus_bovinus_5-1024x506.png 1024w, https:\/\/ciesm.org\/marine\/programs\/skatesandrays\/wp-content\/uploads\/2022\/10\/Aetomylaeus_bovinus_5-300x148.png 300w, https:\/\/ciesm.org\/marine\/programs\/skatesandrays\/wp-content\/uploads\/2022\/10\/Aetomylaeus_bovinus_5-768x380.png 768w, https:\/\/ciesm.org\/marine\/programs\/skatesandrays\/wp-content\/uploads\/2022\/10\/Aetomylaeus_bovinus_5-1536x759.png 1536w, https:\/\/ciesm.org\/marine\/programs\/skatesandrays\/wp-content\/uploads\/2022\/10\/Aetomylaeus_bovinus_5-1568x775.png 1568w, https:\/\/ciesm.org\/marine\/programs\/skatesandrays\/wp-content\/uploads\/2022\/10\/Aetomylaeus_bovinus_5.png 1797w\" sizes=\"(max-width: 1024px) 100vw, 1024px\" \/><\/figure>\n\n\n\n<div class=\"wp-block-jetpack-layout-grid column1-desktop-grid__span-10 column1-desktop-grid__start-2 column1-desktop-grid__row-1 column1-tablet-grid__span-8 column1-tablet-grid__row-1 column1-mobile-grid__span-4 column1-mobile-grid__row-1\">\n<div class=\"wp-block-jetpack-layout-grid-column wp-block-jetpack-layout-grid__padding-none\">\n<p class=\"has-text-align-center has-foreground-color has-secondary-background-color has-text-color has-background\">Any recent observation not on the map?<br><a href=\"mailto: lmendez@ciesm.org\">Contact us<\/a>!<\/p>\n\n\n\n<div style=\"height:10px\" aria-hidden=\"true\" class=\"wp-block-spacer\"><\/div>\n<\/div>\n<\/div>\n\n\n\n<p class=\"has-text-align-center has-primary-background-color has-background has-large-font-size\"><strong>Conservation<\/strong><\/p>\n\n\n\n<p id=\"block-ca6ef4b1-4ee6-45e6-85da-9ca8e126a46f\"><strong>Threats:<\/strong> Bycatch in industrial and artisanal fisheries (including trawl, gillnet, set net, tangle net and trammel net). Human consumption (but not considered as economically commercially important species).<br><br><strong>Protection level<\/strong>:<\/p>\n\n\n\n<ul id=\"block-935ba39d-0eeb-4816-a312-7ba13efa663a\"><li><strong>Global:<\/strong> Critically Endangered (IUCN 2021, last assessment: 2020)<\/li><li><strong>Mediterranean:<\/strong> Critically Endangered (IUCN 2016, last assessment: 2016)<\/li><li><strong>Europe:<\/strong> Critically endangered (IUCN 2015, last assessment: 2014)<\/li><\/ul>\n\n\n\n<p id=\"block-7c753903-038c-44d5-aff6-969ae6648293\"><br><\/p>\n<\/div>\n<\/div>\n\n\n\n<div style=\"height:43px\" aria-hidden=\"true\" class=\"wp-block-spacer\"><\/div>\n\n\n\n<div class=\"wp-container-2 wp-block-group alignfull has-tertiary-background-color has-background\"><div class=\"wp-block-group__inner-container\">\n<div class=\"wp-block-jetpack-layout-grid alignfull column1-desktop-grid__span-10 column1-desktop-grid__start-2 column1-desktop-grid__row-1 column1-tablet-grid__span-8 column1-tablet-grid__row-1 column1-mobile-grid__span-4 column1-mobile-grid__row-1\">\n<div class=\"wp-block-jetpack-layout-grid-column wp-block-jetpack-layout-grid__padding-none\">\n<p><strong>Key references<\/strong><\/p>\n\n\n\n<ul style=\"font-size:14px\"><li>Ba\u015fusta N., Aslan E. 2018. Age and growth of bull ray <em>Aetomylaeus bovinus <\/em>(Chondrichthyes: Myliobatidae) from the northeastern Mediterranean coast of Turkey. <em>Cahiers de Biologie Marine<\/em> 59: 107\u2011114.<\/li><li>Bileceno\u011flu, M. 2019. First record of <em>Aetomylaeus bovinus <\/em>(Geoffroy St. Hilaire, 1817)(Elasmobranchii: Myliobatidae), from the Sea of Marmara. <em>Journal of the Black Sea\/Mediterranean Environment<\/em> 25(2): 182-187.<\/li><li>Carpentieri P., Nastasi A., Sessa M., Srour A. 2021. Incidental catch of vulnerable species in Mediterranean and Black Sea fisheries \u2013 A review. General Fisheries Commission for the Mediterranean.\u00a0<em>Studies and Reviews<\/em>\u00a0101: I-317.<\/li><li>Follesa M. C., Marongiu M. F., Zupa W., Bellodi A., Cau A., Cannas R., Colloca F., Djurovic M., Isajlovic I., Jadaud A., Manfredi C., Mulas A., Peristeraki P., Porcu C., Ramirez-Amaro S., Salmer\u00f3n Jim\u00e9nez F., Serena F., Sion L., Thasitis I., Cau A., Carbonara P. 2019. Spatial variability of Chondrichthyes in the northern Mediterranean.\u00a0<em>Scientia Marina\u00a0<\/em>83(S1): 81-100.<\/li><li>Geraci M.L., Ragonese S., Scannella D., Falsone F., Gancitano V., Mifsud J., Gambin M., Said A., Vitale S. 2021. Batoid Abundances, Spatial Distribution, and Life History Traits in the Strait of Sicily (Central Mediterranean Sea): Bridging a Knowledge Gap through Three Decades of Survey. <em>Animals<\/em> 11(8): 2189.<\/li><li>Gerovasileiou V., Akyol O., Al-Hosne Z., Rasheed R. A., Atac E., Bello G. <em>et al.<\/em> 2020. New records of rare species in the Mediterranean Sea (May 2020).\u00a0<em>Mediterranean Marine Science<\/em>\u00a0<em>21<\/em>(2): 340-359.<\/li><li>Giovos I., Spyridopoulou R. A., Doumpas N., Glaus K., Kleitou P., Kazlari Z., Katsada D., Loukovitis D., Mantzouni I., Papapetrou M.,  Papastamatiou Y.P., Moutopoulos D. K. 2021. Approaching the \u201creal\u201d state of elasmobranch fisheries and trade: A case study from the Mediterranean.\u00a0<em>Ocean &amp; Coastal Management<\/em> 211: 105743.<\/li><li>Giovos I., Serena F., Katsada D., Anastasiadis A., Barash A., Charilaou C., Hall-Spencer J.M.,Crocetta F.,Kaminas A., Kletou D, Maximiadi M., Minasidis V., Moutopoulos D.K., Aga-Spyridopoulou R.N., Thasitis I., Kleitou P. 2021. Integrating literature, biodiversity databases, and citizen-science to reconstruct the checklist of Chondrichthyans in Cyprus (Eastern Mediterranean Sea).\u00a0<em>Fishes<\/em>\u00a06(3): 24.<\/li><li>Mulas A., Bellodi A., Carbonara P., Cau A., Marongiu M.F., Pesci P., Porcu C., Follesa M.C. 2021. Bio-ecological features update on eleven rare cartilaginous fish in the Central-Western Mediterranean Sea as a contribution for their conservation. <em>Life<\/em> 11(9): 871.<\/li><li>O\u2019Keefe M., Bengil EG., Palmer JL, Beton D, \u00c7a\u011flar \u00c7., Godley B.J, \u00d6zkan M., Snape R.T.E., Broderick A.C. 2023. Diversity and distribution of elasmobranchs in the coastal waters of Cyprus: using bycatch data to inform management and conservation.\u00a0<em>Front. Mar. Sci.<\/em> 10: 1181437.<\/li><li>Ordines F., Massut\u00ed E., Moranta J., Quetglas A., Guijarro B., Fliti K. 2011. Balearic Islands vs Algeria: two nearby western Mediterranean elasmobranch assemblages with different oceanographic scenarios and fishing histories.\u00a0<em>Scientia Marina<\/em>\u00a075(4): 707-717.<\/li><li>Soldo A., Lipej L. 2022. An Annotated Checklist and the Conservation Status of Chondrichthyans in the Adriatic. <em>Fishes<\/em>\u00a07(5): 245.<\/li><li>Taylan B., Bayhan B., Sa\u011flam C., Babao\u011flu A.\u00d6., Kara A. 2022. The Length-Weight Characteristics of Five Elasmobranch Species (Pisces: Chondrichthyes) from Izmir Bay (Aegean Sea Coast of Turkey): Spring 2018. <em>Turkish Journal of Agriculture-Food Science and Technology<\/em> 10(2): 368-373.<\/li><\/ul>\n<\/div>\n<\/div>\n<\/div><\/div>\n","protected":false},"excerpt":{"rendered":"<p>Aetomylaeus bovinus Common name : Bull ray, Duckbill eagle ray&nbsp; Order: Myliobatiformes Family: Aetobatidae Synonyms: Myliobatis bovina, Pteromylaeus bovina, Pteromylaeus bovinus Misidentifications: Myliobatis aquila Short description Large batoid. Head thick, distinct from disk, forming a rostrum like a broad projection. Front part of the head is similar to a duck\u2019s bill. Upper or lower jaw<a class=\"more-link\" href=\"https:\/\/ciesm.org\/marine\/programs\/skatesandrays\/aetomylaeus-bovinus\/\">Lire la suite <span class=\"screen-reader-text\">\u00ab\u00a0Aetomylaeus bovinus\u00a0\u00bb<\/span><\/a><\/p>\n","protected":false},"author":1,"featured_media":0,"parent":0,"menu_order":0,"comment_status":"closed","ping_status":"closed","template":"","meta":[],"_links":{"self":[{"href":"https:\/\/ciesm.org\/marine\/programs\/skatesandrays\/wp-json\/wp\/v2\/pages\/3378"}],"collection":[{"href":"https:\/\/ciesm.org\/marine\/programs\/skatesandrays\/wp-json\/wp\/v2\/pages"}],"about":[{"href":"https:\/\/ciesm.org\/marine\/programs\/skatesandrays\/wp-json\/wp\/v2\/types\/page"}],"author":[{"embeddable":true,"href":"https:\/\/ciesm.org\/marine\/programs\/skatesandrays\/wp-json\/wp\/v2\/users\/1"}],"replies":[{"embeddable":true,"href":"https:\/\/ciesm.org\/marine\/programs\/skatesandrays\/wp-json\/wp\/v2\/comments?post=3378"}],"version-history":[{"count":128,"href":"https:\/\/ciesm.org\/marine\/programs\/skatesandrays\/wp-json\/wp\/v2\/pages\/3378\/revisions"}],"predecessor-version":[{"id":6748,"href":"https:\/\/ciesm.org\/marine\/programs\/skatesandrays\/wp-json\/wp\/v2\/pages\/3378\/revisions\/6748"}],"wp:attachment":[{"href":"https:\/\/ciesm.org\/marine\/programs\/skatesandrays\/wp-json\/wp\/v2\/media?parent=3378"}],"curies":[{"name":"wp","href":"https:\/\/api.w.org\/{rel}","templated":true}]}}