{"id":4849,"date":"2022-08-17T09:23:37","date_gmt":"2022-08-17T09:23:37","guid":{"rendered":"https:\/\/ciesm.org\/marine\/programs\/seabirds\/?page_id=4849"},"modified":"2023-04-17T09:07:21","modified_gmt":"2023-04-17T09:07:21","slug":"further-readings","status":"publish","type":"page","link":"https:\/\/ciesm.org\/marine\/programs\/skatesandrays\/further-readings\/","title":{"rendered":"Further readings"},"content":{"rendered":"\n<p class=\"has-text-align-center\" style=\"font-size:40px\"><strong>Further readings<\/strong><\/p>\n\n\n\n<div class=\"wp-block-jetpack-layout-grid alignfull column1-desktop-grid__span-8 column1-desktop-grid__start-3 column1-desktop-grid__row-1 column1-tablet-grid__span-8 column1-tablet-grid__row-1 column1-mobile-grid__span-4 column1-mobile-grid__row-1\">\n<div class=\"wp-block-jetpack-layout-grid-column wp-block-jetpack-layout-grid__padding-none\">\n<ol><li>Ali M.F. 2018. An updated Checklist of the Marine fishes from Syria with emphasis on alien species.\u00a0<em>Mediterranean Marine Science<\/em>,\u00a0<em>19<\/em>(2), 388\u2013393.<\/li><li>Aschliman N.C., Nishida M., Inoue J.G., Rosana K.M., Naylor G.J.P. 2012. Body plan convergence in the evolution of skates and rays (Chondrichthyes: Batoidea). <em>Molecular Phylogenetics and Evolution <\/em>63,28-41.<\/li><li>Baino\u00a0R.,\u00a0Serena\u00a0F.,\u00a0Ragonese\u00a0S., Rey\u00a0J.,\u00a0Rinelli\u00a0P.\u00a02001.\u00a0Catch composition and abundance of elasmobranchs based on the MEDITS program. Rapp. CIESM. The Mediterranean Science Commission. 36:234. <a href=\"https:\/\/ciesm.org\/online\/archives\/abstracts\/pdf\/36\/CIESM_Congress_2001_Monaco_article_0234.htm\">Available online<\/a>\u00a0(accessed on August 17, 2022). <\/li><li>Ba\u015fusta A., Ba\u015fusta N., Sulikowski J.A., Driggers W.B., Demirhan S.A., \u00c7i\u00e7ek E. 2012. Length-weight relationships for nine species of batoids from the Iskenderun Bay, Turkey. <em>J. Appl. Ichthyol.<\/em> <em>28<\/em>, 850\u2013851.<\/li><li>Biton-Porsmoguer S., Lloret J. 2020. Potential impacts of bottom trawling on species of skates (Rajiformes: Rajidae): The case of the Gulf of C\u00e1diz and the Western Mediterranean. <em>Cybium<\/em>, <em>44<\/em>(3), 255-263.<\/li><li>Carluccio A., Capezzuto F., Maiorano P., Sion L., D\u2019Onghia G. 2021. Deep-water cartilaginous fishes in the Central Mediterranean Sea: Comparison between geographic areas with two low impact tools for sampling. <em>Journal of Marine Science and Engineering<\/em> 9(7): 686.<\/li><li>Carpentieri P., Nastasi A., Sessa M., Srour A. 2021. Incidental catch of vulnerable species in Mediterranean and Black Sea fisheries &#8211; A review. General Fisheries Commission for the Mediterranean. <em>Studies and Reviews<\/em> 101: I-317.<\/li><li>Carrier JC., Musick JA., Heithaus MR. 2010. Sharks and Their Relatives II: Biodiversity, Adaptative Physiology, and Conservation. Boca Raton, London, New York, CRC Press, Taylor Francis Group.<\/li><li>Carugati L., Melis R., Cariani A., Cau A., Crobe V., Ferrari A., Follesa M.C., Geraci M.L., Igl\u00e9sias S.P., Pesci P., Tinti F., Cannas R. 2022. Combined COI barcode\u2010based methods to avoid mislabelling of threatened species of deep\u2010sea skates. <em>Animal Conservation<\/em> 25(1): 38-52.<\/li><li>Douady CJ., Dosay M., Shivji MS., Stanhope MJ. 2003. Molecular phylogenetic evidence refuting the hypothesis of Batoidea (rays and skates) as derived sharks. <em>Molecular Phylogenetics and Evolution<\/em> 26, 215-221.<\/li><li>Dulvy N.K., Davidson L.N.K., Kyne P.M., Simpfendorfer C.A., Harrison L.R., Carlson J.K., Fordham S.V. 2016. Ghosts of the coast: global extinction risk and conservation of sawfishes. <em>Aquatic Conservation: Marine and Freshwater Ecosystems<\/em> 26, 134-153.<\/li><li>Ebert DA., Sthmann MFW. 2013. Sharks, batoids and Chimaeras of the North Atlantic. FAO Species Catalogue for Fishery Purposes No. 7. Food and Agricultural Organization.<\/li><li>Ebert DA. 2015. Deep-sea cartilaginous fishes of the Southeastern Atlantic Ocean. FAO Species Catalogue for Fishery Purposes No. 9. Food and Agricultural Organization (FAO), Rome.<\/li><li>Ebert DA. and M. Dando. 2021. Field Guide of Sharks, Rays, Chimaeras of Europe and the Mediterranean. Princeton University Press. 343 p.<\/li><li>Eronat EGT, \u00d6zayd\u0131n, O., 2014. Length-weight relationship of cartilaginous fish species from Central Aegean Sea (Izmir Bay and S\u0131\u011fac\u0131k Bay). Ege J FishAqua Sci 31(3): 119-125.<\/li><li>Faria VV, McDavitt MT., Charvet P., Wiley TR, Simpfendorfer CA, Naylor GJP. 2013. Species delineation and global population structure of Critically Endangered sawfishes (Pristidae). <em>Zoological Journal of the Linnean Society<\/em> 167, 136-164.<\/li><li>Ferretti F., Myers R.A., Sartor P., Serena F. (2005). Long term dynamics of the chondrichthyan fish community in the upper Tyrrhenian Sea.\u00a0<em>ICES CM<\/em>\u00a0<em>25:<\/em>\u00a01-34.<\/li><li>Ferretti F., Osio G.C., Jenkins C.J., Rosenberg A.A., Lotze H.K. 2013. Long-term change in a meso-predator community in response to prolonged and heterogeneous human impact. <em>Scientific reports<\/em> 3(1) : 1-11.<\/li><li>Follesa M. C., Marongiu M. F., Zupa W., Bellodi A., Cau A., Cannas R., Colloca F., Djurovic M., Isajlovic I., Jadaud A., Manfredi C., Mulas A., Peristeraki P., Porcu C., Ramirez-Amaro S., Salmer\u00f3n Jim\u00e9nez F., Serena F., Sion L., Thasitis I., Cau A., Carbonara P. 2019. Spatial variability of Chondrichthyes in the northern Mediterranean. <em>Scientia Marina <\/em>83(S1) : 81-100.<\/li><li>Froese R. and D. Pauly. Editors. 2022. FishBase. World Wide Web electronic publication. www.fishbase.org, version (02\/2022).<\/li><li>GBIF. Global Biodiversity Information Facility. <a href=\"http:\/\/data.gbif.org\/\">Available online<\/a>\u00a0(accessed on 18 August 2022).<\/li><li>Geraci M. L., Ragonese S., Scannella D., Falsone F., Gancitano V., Mifsud J., Gambin M., Said A., Vitale S. 2021. Batoid abundances, spatial distribution, and life history traits in the Strait of Sicily (Central Mediterranean Sea): Bridging a knowledge gap through three decades of survey. <em>Animals <\/em>11(8): 2189.<\/li><li>Giovos I., Serena F., Katsada D., Anastasiadis A., Barash A., Charilaou C., Hall-Spencer J.M.,Crocetta F.,Kaminas A., Kletou D, Maximiadi M., Minasidis V., Moutopoulos D.K., Aga-Spyridopoulou R.N., Thasitis I., Kleitou P. 2021. Integrating literature, biodiversity databases, and citizen-science to reconstruct the checklist of Chondrichthyans in Cyprus (Eastern Mediterranean Sea). <em>Fishes<\/em> 6(3): 24.<\/li><li>Golani D. 2005. Checklist of the Mediterranean fishes of Israel. Zootaxa 947(1): 1-90.<\/li><li>Golani D., Ozt\u00fcrk B. et BA\u015eUSTA N., <em>Fishes of The Eastern Mediterranean<\/em>, s.l., 2006, vol.24.<\/li><li>Golani D. &amp; Azzurro E. &amp; Jakov D. &amp; Massut\u00ed E. &amp; Orsi Relini L. &amp; Briand F. 2021. Atlas of Exotic Fishes in the Mediterranean Sea. 2nd Edition..<\/li><li>Guijarro B., Quetglas A., Moranta J., Ordines F., Valls M., Gonz\u00e1lez N., Massut\u00ed E. 2012. Inter- and intra-annual trends and status indicators of nektobenthic elasmobranchs off the Balearic Islands (northwestern Mediterranean). <em>Sci. Mar.<\/em> <strong>2012<\/strong>, <em>76<\/em>, 87\u201396.<\/li><li>IUCN. 2022.\u00a0<em>The IUCN Red List of Threatened Species. Version 2022-1<\/em>. https:\/\/www.iucnredlist.org. Accessed on [18 August 2022].<\/li><li>Last P.R., White W.T., de Carvalho M.R, S\u00e9ret B., Stehmann M.F.W., Naylor G.J.P., eds. 2016 Rays of the World. Clayton, CSIRO Publishing &amp; Ithaca, Cornell University Press.<\/li><li>Last P. &amp; Carvalho M. &amp; Corrigan S. &amp; Naylor G. &amp; Seret B. &amp; Yang L. 2016. The Rays of the World project &#8211; an explanation of nomenclatural decisions.<\/li><li>Last P. R., Weigmann S., Yang L. 2016. Changes to the nomenclature of the skates (Chondrichthyes: Rajiformes). Rays of the world: Supplementary information, 11-34.<\/li><li>Leonetti, F. L., Giglio G., Leone A., Coppola F., Romano C., Bottaro M., Reinero F. R., Milazzo C., Micarelli P., Tripepi S., Sperone E. 2020. An updated checklist of chondrichthyans of Calabria (Central Mediterranean, southern Italy), with emphasis on rare species.\u00a0<em>Mediterranean Marine Science<\/em>,\u00a0<em>21<\/em>(3), 794\u2013807.<\/li><li>Lteif M., Mouawad R., Jemaa S., Khalaf G., Lenfant P., Verdoit-Jarraya M. 2016. The length-weight relationships of three sharks and five batoids in the Lebanese marine waters, eastern Mediterranean. <em>Egypt. J. Aquat. Res.<\/em> <em>42<\/em>, 475\u2013477.<\/li><li>Lu\u00eds M.F. Alves, Jo\u00e3o P.S. Correia, Marco F.L. Lemos, Sara C. Novais, Henrique Cabral. 2020. Assessment of trends in the Portuguese elasmobranch commercial landings over three decades (1986\u20132017), Fisheries Research, Volume 230, 105648, ISSN 0165-7836.<\/li><li>McEachran J.D., Dunn K.A. 1998. Phylogenetic analysis of skates, a morphologically conservative clade of elasmobranchs (Chondrichtyes: Rajidae). <em>Copeia<\/em> 1998, 271-290.<\/li><li>Mancusi C., Baino R., Fortuna C., De Sola L.G., Morey G., Bradai M.N., Kallianotis A., Soldo A., Hemida F. Saad A.., Dimech M., Peristeraki P., Bariche M., Clo S., De Sabata E., Castellano L., Garibaldi F., Lanteri L., Tinti F., Pais A., Sperone E., Micarelli P., Poisson F., Sion L., Carlucci R., Cebrian-Menchero D., Seret B., Ferretti F., El-Far A., Saygu I., Shakman E., Bartoli A., Guallart J., Damalas D., Megalofonou P., Vacchi M., Colloca F., Bottaro M., Notarbartolo Di Sciara G., Follesa M.C., Cannas R., Kabasakal H., Zava B., Cavlan G., Jung A., Abudaya M., Kolitari J., Barash A., Joksimovic A., Cetkovic I., Marceta B., Gonzalez Vilas L., Tiralongo F., Giovos I., Bargnesi F., Lelli S., Barone M., Moro S., Mazzoldi C., Abella A., Serena F. 2020. MEDLEM database, a data collection on large Elasmobranchs in the Mediterranean and Black seas. <em>Mediterranean Marine Science<\/em> 21(2) : 276-288.<\/li><li>Mancusi C., Massi D., Baino R., Cariani A., Crobe V., Ebert D.A., Ferrari, C, Gordon A., Hoff G.R., Iglesias S.P., Titone A., Serena F. 2021. An identification key for Chondrichthyes egg cases of the Mediterranean and Black Sea. <em>The European Zoological Journal<\/em> 88(1) : 436-448.<\/li><li>Marongiu M.F., Porcu C., Bellodi A., Cannas R., Cau A., Cuccu D., Mulas A., Follesa M.C. 2017. Temporal dynamics of demersal chondrichthyan species in the central western Mediterranean Sea: The case study in Sardinia Island. <em>Fisheries Research<\/em> 193: 81-94.<\/li><li>Mulas A., Bellodi A., Carbonara P., Cau A., Marongiu M.F., Pesci P., Porcu C., Follesa M.C. 2021. Bio-Ecological Features Update on Eleven Rare Cartilaginous Fish in the Central-Western Mediterranean Sea as a Contribution for Their Conservation. <em>Life<\/em> 11, 871.<\/li><li>OBIS. Intergovernmental Oceanographic Commission of UNESCO. <a href=\"https:\/\/www.obis.org\">Available online<\/a> (accessed on 18 August 2022).<\/li><li>Ordines F., Massut\u00ed E., Moranta J., Quetglas A., Guijarro B., Fliti K. 2011. Balearic Islands vs Algeria: two nearby western Mediterranean elasmobranch assemblages with different oceanographic scenarios and fishing histories. <em>Scientia Marina<\/em> 75(4) : 707-717.<\/li><li>Otero M., Serena F., Gerovasileiou V.,Barone M., Bo M., Arcos J.M., Vulcano A., Xavier J. 2019. <em>Identification guide of vulnerable species incidentally caught in Mediterranean fisheries<\/em>. UICN, Malaga, Espagne, 204 pages.<\/li><li>\u00d6zbek E.\u00d6., \u00c7ardak M., Kebap\u00e7io\u011flu T. 2015. Spatio-temporal patterns of abundance, biomass and length-weight relationships of Dasyatis species (Pisces: Dasyatidae) in the Gulf of Antalya, Turkey (Levantine Sea). <em>Journal of Black Sea\/Mediterranean Environment<\/em> 21(2) : 169-190.<\/li><li>Porcu C., Marongiu M.F., Bellodi A., Cannas R., Cau A., Melis R., Mulas A., Soldovilla G., Vacca L., Follesa M.C. 2017. Morphological descriptions of the eggcases of skates (Rajidae) from the central-western Mediterranean, with notes on their distribution. <em>Helgoland Marine Research<\/em> 71(1): 1-14.<\/li><li>Ragheb E., Hasan M.W.A. 2021. First record of <em>Pteroplatytrygon violacea<\/em> (Bonaparte, 1832) with annotation of cartilaginous fishes by-catch by gill nets (Egyptian Mediterranean). <em>The Egyptian Journal of Aquatic Research<\/em> 47(4): 387-392.<\/li><li>Ram\u00edrez-Amaro S., Ordines F., Esteban A., Garc\u00eda C., Guijarro B., Salmer\u00f3n F., Terrasa B., Massut\u00ed E. 2020. The diversity of recent trends for chondrichthyans in the Mediterranean reflects fishing exploitation and a potential evolutionary pressure towards early maturation. <em>Scientific Reports<\/em> 10(1): 1-18.<\/li><li>Schembri T., Fergusson I.K., Schembri P.J. 2003. Revision of the records of sharks and rays species from the Maltese Islands (Chordata: Chondrichthyes). The Central Mediterranean Naturalist de Oceanolog\u00eda Academia de Ciencias de Cuba and Centro de Investigaciones de Quintana Roo, Mexico. 4(1): 71\u2013104.<\/li><li>Serena F. 2005. Field Identification Guide to the Sharks and Rays of the Mediterranean and Black Sea.<em> FAO Species Identification Guide for Fishery Purposes.<\/em> Rome, FAO. 97 p.<\/li><li>Serena F.,  Abella A. J., Bargnesi F., Barone M., Colloca F., Ferretti F., Fiorentino F., Jenrette J. &amp; Moro S.\u00a02020.\u00a0Species diversity, taxonomy and distribution of Chondrichthyes in the Mediterranean and Black Sea,\u00a0The European Zoological Journal,\u00a087:1,\u00a0497-536.<\/li><li>S\u00e9ret B. 1986. Classification et phylogenese des chondrichtyens. Oceanis 12(3), 161-180.<\/li><li>Stehmann M. 1995. First and new records of skates (Chondrichtyes, Rajiformes, Rajidae) from the West African continental slope (Marocco to South Africa), with descriptions of two new species. <em>Archiv f\u00fcr Fischereiund Meeresforschung<\/em> 43, 1-119.<\/li><li>T\u00fcrker, Dilek &amp; Zengin, Kadriye &amp; Tunay, \u00d6zg\u00fcr Kemal. 2018. Length-Weigth Relationships for Nine Chondrichthyes Fish Species from Edremit Bay (North Aegean Sea). Turkish Journal of Fisheries and Aquatic Sciences. 19. 71-79. 10.4194\/1303-2712-v19_1_09.<\/li><li>UNEP-MAP RAC\/SPA,\u00a02005.\u00a0<em>Chondrichthyan fishes<\/em>\u00a0of\u00a0<em>Libya<\/em>:\u00a0<em>Proposal<\/em>\u00a0for a\u00a0<em>research programme<\/em>. By\u00a0<em>Seret<\/em>,\u00a0<em>B<\/em>.\u00a0<em>Ed<\/em>.\u00a0<em>RAC<\/em>\/<em>SPA<\/em>,\u00a0<em>Tunis<\/em>.\u00a0<em>31pp<\/em>.<\/li><li>Villagra D., Van Bogaert N., Ampe B., Walker P., Uhlmann S. S. 2022. Life-history traits of batoids (Superorder Batoidea) in the Northeast Atlantic and the Mediterranean. <em>Reviews in Fish Biology and Fisheries<\/em>: 1-23.<\/li><li>Weigmann S. 2016. Annotated checklist of the living sharks, batoids and chimaeras (Chondrichtyes) of the world, with a focus on biogeographical diversity. <em>Journal of Fish Biology<\/em> (2016).<\/li><\/ol>\n<\/div>\n<\/div>\n","protected":false},"excerpt":{"rendered":"<p>Further readings Ali M.F. 2018. An updated Checklist of the Marine fishes from Syria with emphasis on alien species.\u00a0Mediterranean Marine Science,\u00a019(2), 388\u2013393. Aschliman N.C., Nishida M., Inoue J.G., Rosana K.M., Naylor G.J.P. 2012. Body plan convergence in the evolution of skates and rays (Chondrichthyes: Batoidea). Molecular Phylogenetics and Evolution 63,28-41. Baino\u00a0R.,\u00a0Serena\u00a0F.,\u00a0Ragonese\u00a0S., Rey\u00a0J.,\u00a0Rinelli\u00a0P.\u00a02001.\u00a0Catch composition and abundance<a class=\"more-link\" href=\"https:\/\/ciesm.org\/marine\/programs\/skatesandrays\/further-readings\/\">Lire la suite <span class=\"screen-reader-text\">\u00ab\u00a0Further readings\u00a0\u00bb<\/span><\/a><\/p>\n","protected":false},"author":2,"featured_media":0,"parent":0,"menu_order":0,"comment_status":"closed","ping_status":"closed","template":"","meta":[],"_links":{"self":[{"href":"https:\/\/ciesm.org\/marine\/programs\/skatesandrays\/wp-json\/wp\/v2\/pages\/4849"}],"collection":[{"href":"https:\/\/ciesm.org\/marine\/programs\/skatesandrays\/wp-json\/wp\/v2\/pages"}],"about":[{"href":"https:\/\/ciesm.org\/marine\/programs\/skatesandrays\/wp-json\/wp\/v2\/types\/page"}],"author":[{"embeddable":true,"href":"https:\/\/ciesm.org\/marine\/programs\/skatesandrays\/wp-json\/wp\/v2\/users\/2"}],"replies":[{"embeddable":true,"href":"https:\/\/ciesm.org\/marine\/programs\/skatesandrays\/wp-json\/wp\/v2\/comments?post=4849"}],"version-history":[{"count":66,"href":"https:\/\/ciesm.org\/marine\/programs\/skatesandrays\/wp-json\/wp\/v2\/pages\/4849\/revisions"}],"predecessor-version":[{"id":6729,"href":"https:\/\/ciesm.org\/marine\/programs\/skatesandrays\/wp-json\/wp\/v2\/pages\/4849\/revisions\/6729"}],"wp:attachment":[{"href":"https:\/\/ciesm.org\/marine\/programs\/skatesandrays\/wp-json\/wp\/v2\/media?parent=4849"}],"curies":[{"name":"wp","href":"https:\/\/api.w.org\/{rel}","templated":true}]}}